remainder when u is divided by 5?
2
Let u = 151 + -98. What is the remainder when u is divided by 28?
25
Suppose -l = 1 - 5. Calculate the remainder when 22 is divided by 40/7 - l/(-14).
4
Suppose 0 = 4*r + 5*u - 31, 2*u - 11 = -2*r + u. Suppose 0*f + 3*f + 12 = 3*v, 0 = -v + 5*f - 12. Let s = v - r. What is the remainder when 11 is divided by s?
3
Let p(r) = -r - 3. Let k be p(-3). Suppose k = -4*d + d + 3. What is the remainder when d is divided by 1?
0
Suppose -4*w + 5*q + 176 = 71, -10 = -w - 2*q. Calculate the remainder when 36 is divided by w.
16
Let l(v) = 15*v - 6. Let b be l(-6). Let q be 4/6 - b/(-9). Let x = -6 - q. What is the remainder when 6 is divided by x?
2
Suppose 11*l - 19 - 113 = 0. What is the remainder when 47 is divided by l?
11
Suppose 0*j = -2*j + 4. What is the remainder when 6 is divided by j?
0
Suppose -5*o + 1 + 114 = 0. Calculate the remainder when 181 is divided by o.
20
Let h(q) = 5*q**2 + 1. Suppose 14*j = 15*j - 2. What is the remainder when h(j) is divided by 12?
9
Suppose 3*o + 0*l - 12 = -4*l, -l - 4 = -o. Suppose -o = -3*v + 2. What is the remainder when 12*(-2)/(-8)*v is divided by 4?
2
Suppose y - 4*y - 5*d = 2, 0 = -5*y - d + 26. Let v be (-1 + -1)/(y/(-261)). Suppose -2*u = -5*u + v. Calculate the remainder when u is divided by 10.
9
Let c(l) = l**3 - l**2 + l - 7. Let y be c(0). Let j = -8 + 4. Let b = j - y. What is the remainder when 8 is divided by b?
2
Let s(a) be the first derivative of a**2 + 2*a + 2*a**2 - 6 + 2 - 2*a**2. What is the remainder when 29 is divided by s(3)?
5
Let x be (-15)/(-1) - (-2 + -1). Suppose -3*m = -5*m + x. Suppose m = -2*h + 3*h. What is the remainder when h is divided by 5?
4
Suppose 5 + 0 = u. Let i = 8 - u. Calculate the remainder when 28 is divided by 12 - (i/1 + -1).
8
Let q = -9 + 22. Calculate the remainder when 50 is divided by q.
11
Let u be 21*((-76)/(-12) + -3). Suppose 3*r = -28 + u. Suppose -h + 44 = -10. Calculate the remainder when h is divided by r.
12
Let q = 427 + -410. Let j(x) = x**2 - 2*x - 5. Calculate the remainder when q is divided by j(5).
7
Let g be (-8)/5*10/(-4). Suppose -g*t = -t - 24. Let s = t + 5. What is the remainder when 24 is divided by s?
11
What is the remainder when 31 is divided by ((-32)/(-20))/((-3)/(-15))?
7
Let l(r) = -r**3 + 13*r**2 + 6. What is the remainder when l(13) is divided by 4?
2
Suppose 20 = 4*x + x. Suppose 2*p + 4*j - 20 = 0, -16 = x*p + 3*j - 56. What is the remainder when 27 is divided by p?
7
Let j = -4 - 0. Let p(w) = w**2 + 3*w - 5. Let o be p(j). What is the remainder when 50 is divided by 17 + (o - -1)/3?
16
Let v(j) = j**2 + 10*j + 12. Calculate the remainder when v(-13) is divided by 13.
12
Let m(l) = 38*l**2. Let z be m(-2). Suppose -z = -3*o + 22. What is the remainder when o is divided by 20?
18
Let a(q) = 2*q - 5. Suppose 4*s - 11 = 9. Suppose 2*r + m - 61 + 21 = 0, 0 = r + s*m - 29. Calculate the remainder when r is divided by a(6).
5
Let o be 230/14 - (-3)/(-7). Suppose -5*r + o = -r. Calculate the remainder when 15 is divided by r.
3
What is the remainder when (-1)/3 + -1*132/(-18) is divided by 7?
0
Let m = -9 - -12. Calculate the remainder when 13 is divided by m.
1
Let j(h) = -h + 26. What is the remainder when j(-15) is divided by 15?
11
Calculate the remainder when 98 is divided by (-423)/(-21) + 4/(-28).
18
Let c be 1 - (2 - 2) - 9. Let s = 11 + c. Suppose l = -s*w + 16 + 11, 10 = -2*w. What is the remainder when l is divided by 22?
20
Let x(b) = -b - 3. Let c be x(-6). Suppose -3*s + 2*p - p = -8, -2*p + 11 = c*s. Calculate the remainder when (-21)/(-2)*(-6)/(-9) is divided by s.
1
Let d = -10 - -18. Let t be (-9)/7 - 2/(-7). What is the remainder when d is divided by (t - 1) + (3 - -2)?
2
Let s = 7 + -3. Suppose v = s*b - 27, 0*b + 50 = 5*b + 2*v. What is the remainder when ((-3)/(-2))/((-2)/(-20)) is divided by b?
7
Let p = -34 + 41. What is the remainder when 7 is divided by p?
0
Let f(q) be the second derivative of -q**3/6 - 2*q**2 + 2*q. What is the remainder when 10 is divided by f(-7)?
1
Let g = -10 + 11. Let v = g - -8. Calculate the remainder when v is divided by 4.
1
Let a(o) = -6*o**2 + 2. Let u be a(3). Let y(p) = p**3 + 4*p**2 - 9*p + 4. Let x be y(-6). What is the remainder when u/x - (-2)/7 is divided by 2?
0
Let o(p) = -2*p**2 + 27*p + 2. Calculate the remainder when o(11) is divided by 13.
5
Let s be (-1)/((6/4)/(-3)). Suppose 2*u + s*u = 8. Suppose 2*r - 46 = 5*g + 29, -u*g + 15 = r. Calculate the remainder when r is divided by 13.
12
Suppose -3*y + 5 = -4. Suppose -15 = -5*c + y*s, s - 3 = -c - 0*s. Suppose c*r - 39 = 5*z - 2, 14 = 2*r + 2*z. What is the remainder when 16 is divided by r?
7
Suppose -18*k = -13*k - 95. Calculate the remainder when 33 is divided by k.
14
What is the remainder when 18 is divided by (5 - 1)/((-4)/(-5))?
3
Calculate the remainder when 70 is divided by 3/2*(12 - 0).
16
Let b(c) = -3*c**2 + 24*c - 15. Calculate the remainder when 11 is divided by b(7).
5
Let z be 4*(-3)/(-18)*6. Suppose -n = 2*n - 69. What is the remainder when n is divided by 0 + 1 + z + 3?
7
Let q(t) = t**3 - 4*t**2 - 3*t - 6. Let m(g) = 5*g - 1. Calculate the remainder when m(3) is divided by q(5).
2
Let b be (3 + (-45)/12)*4. What is the remainder when -44*2/(8/b) is divided by 2 + (-2)/(2/(-7))?
6
Suppose 4*m = -0*m. Suppose 4*x - 3*y - 166 = -y, m = x - y - 43. Calculate the remainder when x is divided by 14.
12
Let w(q) = -q**3 - 13*q + 2*q**3 + 10*q**2 - 2*q**3 + 10. Let y = -27 - -45. Calculate the remainder when w(8) is divided by y.
16
Let s be ((-40)/(-5))/(4/(-286)). What is the remainder when 48 is divided by (-2)/5 - s/55?
8
Let o = -10 + 13. Suppose -2*w = 4*m - o*m - 30, -2*m - 52 = -3*w. What is the remainder when 29 is divided by w?
13
Suppose 3 = y + 1. Suppose n - y*n = -6. Let r = -4 + n. Calculate the remainder when 4 is divided by r.
0
Suppose 0 = -0*k - 3*k + 15. Let o be (-1 - -19) + (1 - 0). Suppose -2*d = -3*f - 31, 35 = 4*d + 2*f - o. What is the remainder when d is divided by k?
4
Suppose 6*x - 4*x - 134 = 0. Calculate the remainder when x is divided by 14.
11
Let t = 5 - 3. Calculate the remainder when 12 is divided by (t/(-4))/((-1)/14).
5
Suppose -3*b - 30 = -0*b. What is the remainder when 23 is divided by (16/20)/((-1)/b)?
7
Suppose -10*v + 168 = 2*v. Calculate the remainder when 65 is divided by v.
9
Let c(f) = 2*f + 11. Calculate the remainder when c(-3) is divided by 3.
2
Suppose -72 = -2*i - 2*j, 150 = 5*i - j - 24. Calculate the remainder when i is divided by 18.
17
Suppose -4*g - 2 = -5*g. What is the remainder when (14/35)/(g/100) is divided by 11?
9
Let z = -198 + 206. Calculate the remainder when z is divided by 7.
1
Let t = -1 + 1. Suppose -3*k - 4*n = -37, t*k = 2*k + 2*n - 22. Calculate the remainder when 13 is divided by k.
6
Let j(q) be the first derivative of q**4/4 + 7*q**3/3 - 4*q + 2. Let l = 6 - 9. Calculate the remainder when j(l) is divided by 11.
10
Let k = -17 - -32. Calculate the remainder when 56 is divided by k.
11
Let y(j) = -3 - 3 + j + 2. Let s be y(8). Suppose 3*f + s*m - 70 = 0, 5*f + m - 140 = -m. Calculate the remainder when f is divided by 16.
14
Suppose -s = -3*k + 3 - 2, 0 = -s + 5*k - 3. Suppose 7*g - s*g + 98 = -i, 8 = 4*i. Calculate the remainder when 41 is divided by 2/(2 - g/(-11)).
8
Let i(j) = -j**3 - 9*j**2 - 11*j - 8. Suppose -5*t = -0*t + 5*b - 125, -b + 83 = 3*t. What is the remainder when t is divided by i(-8)?
13
Suppose 5*w - 2*c - 3*c - 45 = 0, w = 2*c + 10. Suppose -z - 13 = -2*z. Suppose 2*n = n + z. What is the remainder when n is divided by w?
5
Let o(p) = -p**3 - p**2 + 5*p + 3. Let f be o(-4). Suppose -f = -2*l + 79. Calculate the remainder when l is divided by 28.
27
Suppose r = -3*i + 199, 0 = -5*i + 5*r - 19 + 344. Let g(u) = u**2 + 7*u + 4. Calculate the remainder when i is divided by g(-10).
32
Suppose 0 = 13*w - 14*w + 13. What is the remainder when w is divided by 7?
6
Let q(v) = -v + 4. Suppose 0 = 8*r + 9*r - 221. What is the remainder when r is divided by q(0)?
1
Suppose p + 2*p - 39 = 0. Calculate the remainder when p is divided by 7.
6
Let p = 15 + 4. Calculate the remainder when 37 is divided by p.
18
Suppose 0 = -2*q + 10, -a - 25 = -6*a - 2*q. Let w = 11 - 4. What is the